n b is divided by 7?
5
Let y(b) = 49*b - 2. Let c(a) = -25*a + 1. Let h(d) = -7*c(d) - 4*y(d). Let m = -29 + 40. What is the remainder when h(-2) is divided by m?
10
Suppose -4*f + 2*b - 5*b = 17, 3 = 3*b. Let r = -3 - f. Calculate the remainder when 5 is divided by (2 - 0)/r - -2.
2
Let x = 92 - 76. Calculate the remainder when 206 is divided by x.
14
Suppose -5*c - 95 = -5*v - 15, -3*v - 5*c = -24. Suppose 0 = -4*g + 224 - 24. What is the remainder when g is divided by v?
11
Suppose 2*d + 9*j - 4*j - 55 = 0, 5*j = 3*d - 45. Suppose i - 22 = -i + 2*u, d = -4*u. What is the remainder when 14 is divided by i?
2
Let v(m) = -m**2 - 2*m + 107. What is the remainder when v(0) is divided by 22?
19
Suppose -o + 0*o = -1. Let s(g) = 10*g**3 - g. Suppose -4*z + 7*z = 51. Calculate the remainder when z is divided by s(o).
8
Suppose d + q - 5 = 2*q, 0 = d - 2*q. Let z be (-76)/(-10) - (-4)/d. What is the remainder when 26 is divided by 58/z - 8/32?
5
Let i = 11 + -6. Suppose -6*p + 3*p = u - 38, 66 = 5*p + u. What is the remainder when p is divided by i?
4
Let d = 28 - 54. Let j = -17 - d. Suppose -w - 4*m + 14 = 0, -5*w + 145 = 3*m - 8*m. Calculate the remainder when w is divided by j.
8
Let b(c) = 2*c**2 - c - 13. What is the remainder when b(7) is divided by 20?
18
Let r be -3*(-2 + 1) + -1. Suppose 0 = -2*p - p + 3*h + 18, -r*p - h + 24 = 0. Suppose -2*b + p = -22. What is the remainder when b is divided by 6?
4
Let j(s) = s**2 - s + 8. Let n be j(0). Suppose -g - r = r - 8, 4*r = 2*g - n. What is the remainder when ((-6)/(-8))/((-2)/(-56)) is divided by g?
3
Let o = -38 + 50. What is the remainder when 21 is divided by o?
9
Suppose -121 = -6*a - 31. What is the remainder when 27 is divided by a?
12
Let t = -11 - -19. Let m = -74 + 74. Let p = t - m. What is the remainder when p is divided by 5?
3
Let z = -14 + 31. Calculate the remainder when 49 is divided by z.
15
Suppose -5*d = -18 - 67. What is the remainder when 66 is divided by d?
15
Suppose -6*j + 38 = -4*j. What is the remainder when 56 is divided by j?
18
Let k(b) = 6*b - 2. Calculate the remainder when 43 is divided by k(4).
21
Suppose -4*j + 283 - 11 = 0. Calculate the remainder when j is divided by -23*(2 - (4 - 1)).
22
Suppose -25*o = -22*o - 159. What is the remainder when o is divided by 14?
11
Let u(t) = t**2 - 5*t - 10. Let h be u(5). Let c(b) = -b**3 - 11*b**2 - 10*b + 6. Calculate the remainder when c(h) is divided by 4.
2
Suppose -3*t + 2*t + 59 = 0. Calculate the remainder when t is divided by 15.
14
Suppose -3*w + 2*w + 9 = 0. Let g = 0 + w. What is the remainder when 33 is divided by g?
6
Let t = 27 - 17. What is the remainder when 49 is divided by t?
9
Calculate the remainder when 34 is divided by 0 + 2 + 40/4.
10
Let y(o) = -o**2 - o - 2. Let t be y(-4). What is the remainder when (-5 - -4) + (-2 - -37) is divided by (-122)/t + (-6)/(-21)?
7
Suppose 3*m - 4*m + 17 = 0. What is the remainder when 46 is divided by m?
12
Let f(w) = -w**3 + 6*w**2 - w + 4. Let y be f(6). Let m be ((-54)/3)/3 - y. What is the remainder when 1582/49 + m/14 is divided by 11?
10
Let k(y) = y**2 + 17 + 2 + 20. Let w be k(0). Let q = w + -27. What is the remainder when 23 is divided by q?
11
Let l(q) = -4*q - 12. Let m(r) = -12*r - 35. Let c(a) = 17*l(a) - 6*m(a). Calculate the remainder when c(4) is divided by 6.
4
Let c = 300 + -291. Suppose 0 = -0*y - y + 25. Calculate the remainder when y is divided by c.
7
Suppose 2*z = -3*z - 4*j + 23, 2*z - 2 = 2*j. Calculate the remainder when 7 is divided by z.
1
Let j = 21 + -7. Suppose -t + 67 - j = 0. Calculate the remainder when t is divided by 28.
25
Let v = 15 - -3. Calculate the remainder when 50 is divided by v.
14
Let m = 57 - 31. What is the remainder when m is divided by 14?
12
Let w = 2 - 0. Suppose -f + 10 = -w. Let i = f + -8. Calculate the remainder when 6 is divided by i.
2
Let c(n) = -2*n**2 - 15*n - 4. What is the remainder when 66 is divided by c(-6)?
10
Let q = 14 + -26. Let r = 1 - q. What is the remainder when 24 is divided by r?
11
Let p = 6 + -2. Let g = p + 0. Suppose 2*x - 16 = g. What is the remainder when 28 is divided by x?
8
Let p = 139 + -94. Calculate the remainder when p is divided by 24.
21
Suppose 6*i = 1239 + 1491. Suppose -6*d = 59 - i. Calculate the remainder when d is divided by (-2 + 34)/2 + 1.
15
What is the remainder when 34 is divided by 2/((-12)/(-78)) - (1 + -1)?
8
Let c(q) = q**2 + 10*q - 2. Let h be c(-10). Let l be 1 + 27*(-12)/h. Let d = -114 + l. Calculate the remainder when d is divided by 17.
15
Let w(q) = q**3 + 2*q**2 - 2*q + 7. Suppose -4*c - 7 = -u, -2*c - 2*c + 48 = 4*u. What is the remainder when u is divided by w(-3)?
3
Suppose q - 4 = -2. Let l(x) = -x**3 - 6*x**2 + 7. Let h be l(-6). Suppose -20 = -h*g + q*g. Calculate the remainder when g is divided by 2.
0
Let f(m) = m**3 + m**2 - 2*m. Let g(q) be the second derivative of -q**3/6 + 4*q**2 - q. Let k be g(6). Calculate the remainder when 14 is divided by f(k).
6
Let o(u) = 3*u**3 - 4*u**2 - 2*u + 2. Let i be o(3). Suppose i = 2*c - q, c - 5*q = -2*c + 65. Calculate the remainder when (-1 + 2)*(5 + 34) is divided by c.
19
Suppose 16 = 4*k, -z + 2*k + 3*k + 2 = 0. Calculate the remainder when z is divided by 6.
4
Let x be (-62)/2*(-3 + 2). Let a = x + -16. Calculate the remainder when 27 is divided by a.
12
Let g = -4 + 6. What is the remainder when 3 is divided by g?
1
Suppose 0 = 4*r - 56 - 0. Let u = r + -4. Let n(g) = 29*g**3 - g**2 + g - 1. What is the remainder when n(1) is divided by u?
8
Let x = -34 - -52. Suppose x = -2*q + 4*q. Calculate the remainder when 16 is divided by q.
7
Let g = 65 + -48. What is the remainder when 67 is divided by g?
16
Suppose -3*y + 0*y - 12 = 3*b, 2*b = -4*y - 6. Let s = b - -15. Calculate the remainder when s is divided by 6.
4
Suppose o + 11 - 42 = 4*r, -4*o + 2*r = -138. Calculate the remainder when o is divided by 18.
17
Calculate the remainder when 25 is divided by -5*(-84)/40*(-4)/(-3).
11
Suppose 4*h = n + 49, 4*h + 6*n = 2*n + 24. What is the remainder when 29 is divided by h?
7
Suppose h + 52 = -h. Let t be (2/4)/((-10)/260). Let k = t - h. What is the remainder when 37 is divided by k?
11
Let u be -3*(-93)/9 - 3. Let a = 103 + -58. Calculate the remainder when a is divided by ((-54)/(-21))/(6/u).
9
Let g(c) = -c**2 + 4*c - 3. Let m be g(3). Let j = 3 - m. Suppose -j*p + 9 = -3. Calculate the remainder when p is divided by 2.
0
Calculate the remainder when 80 is divided by (8325/35)/9 - (-8)/14.
26
Suppose 0 = 2*i - 6. What is the remainder when 6 is divided by i?
0
Suppose 4*m + 5*f - 74 = -23, -4*m + 52 = 4*f. Calculate the remainder when 54 is divided by m.
12
Let f be 2/7 - 80/(-14). Suppose 3*b = b + f. Let l = 7 - b. What is the remainder when 7 is divided by l?
3
Let c(l) = -l - 2 + 1 - 9. Let x be c(-6). Let j(h) = h**2 + 5*h + 5. Calculate the remainder when 1 is divided by j(x).
0
Let h = 22 + 26. Suppose -5*g - h + 118 = 0. What is the remainder when 24 is divided by g?
10
Suppose -2*c + 8 = 0, -3*c + 122 - 20 = 2*n. Suppose n = -v + 6*v. Suppose w + 17 = 2*w. Calculate the remainder when w is divided by v.
8
Suppose -2*s - 11 + 51 = 0. Calculate the remainder when 178 is divided by s.
18
Let u = 8 - 5. Suppose -u*g - 10 = -4*g. Calculate the remainder when 18 is divided by g.
8
Let k be (-62)/(-2)*(0 - 1). Let x = k - -68. Suppose -4*c + 3*i + 52 = 0, 4*c = -i + 31 + x. Calculate the remainder when 30 is divided by c.
14
What is the remainder when (-2)/6*(-6)/4*134 is divided by 34?
33
Let u(z) = -z**3 + 9*z**2 - 9*z + 4. What is the remainder when u(7) is divided by 10?
9
Let l = 6 + -2. Let m(s) = s**2 - 4*s + 4. Let u be m(7). Let o = u + -15. What is the remainder when o is divided by l?
2
Suppose -2*t = -7*t. Suppose 2*y + t*u - 82 = -3*u, -3*y + 104 = -5*u. What is the remainder when y is divided by 13?
12
Suppose -3*u + 6*u - 54 = 0. Let d(t) = -9*t + 7. Calculate the remainder when d(-5) is divided by u.
16
Suppose -3*g + 11 = 2, -5*g = -q - 7. Suppose -3*a = -q*a + 55. Let j = 0 - -7. What is the remainder when a is divided by j?
4
Suppose 5*z = -4*x - 5, -7*z - 35 = -3*x - 3*z. Suppose 2*m - 27 = 3*j + 28, x*j - 25 = 0. What is the remainder when m is divided by 19?
16
What is t